 14) to base 2.
11100011
Convert 1396 (base 11) to base 2.
11100000111
What is -101010100111 (base 2) in base 3?
-10202000
What is 3e6f (base 16) in base 8?
37157
Convert -11351 (base 7) to base 16.
-b6f
-10011111001 (base 2) to base 8
-2371
What is 314 (base 5) in base 7?
150
Convert 4051 (base 7) to base 16.
580
What is -760 (base 8) in base 10?
-496
219 (base 14) to base 7
1132
What is 70 (base 11) in base 12?
65
340 (base 6) to base 8
204
What is 6d94 (base 15) in base 10?
23314
105312 (base 6) to base 11
6817
Convert 100010001100010 (base 2) to base 8.
42142
-3211 (base 4) to base 16
-e5
What is -5605 (base 15) in base 13?
-83b4
What is -1648 (base 12) in base 4?
-221120
Convert -52853 (base 9) to base 5.
-2104314
Convert 14104 (base 5) to base 11.
95a
Convert 550 (base 10) to base 2.
1000100110
-8374 (base 10) to base 12
-4a1a
What is 282 (base 14) in base 11?
420
13301301 (base 4) to base 5
2004412
What is -345324 (base 6) in base 10?
-29716
Convert 134 (base 7) to base 15.
4e
bcec (base 16) to base 13
19024
What is 25253 (base 6) in base 13?
1947
What is -226 (base 8) in base 9?
-176
What is -c3c (base 15) in base 3?
-10210010
-11b (base 14) to base 12
-165
Convert -5448 (base 14) to base 6.
-151240
What is a83 (base 11) in base 8?
2425
Convert -2729 (base 12) to base 14.
-18d3
315 (base 11) to base 14
1d1
-111101010100100 (base 2) to base 15
-9481
What is -103 (base 9) in base 2?
-1010100
What is -2202 (base 3) in base 10?
-74
Convert 12cd (base 14) to base 7.
12446
1111022222 (base 3) to base 7
151502
8bc (base 16) to base 9
3054
2bb (base 14) to base 9
678
Convert -205 (base 8) to base 2.
-10000101
What is -1ad5 (base 14) in base 9?
-6634
Convert -517 (base 8) to base 14.
-19d
Convert 357 (base 8) to base 5.
1424
Convert -670 (base 13) to base 9.
-1457
What is 1247 (base 8) in base 6?
3051
Convert 2ac5 (base 16) to base 3.
120000112
What is 2121031 (base 4) in base 2?
10011001001101
-272 (base 14) to base 3
-200020
What is -1361 (base 10) in base 6?
-10145
Convert -179 (base 15) to base 10.
-339
Convert 1000221 (base 3) to base 5.
11004
Convert -1243234 (base 5) to base 10.
-24819
What is 212211 (base 3) in base 14?
33d
Convert -204000 (base 6) to base 3.
-211112000
1111110110101 (base 2) to base 6
101325
Convert 10000000 (base 2) to base 9.
152
What is -100111000 (base 2) in base 9?
-376
Convert 10110010 (base 2) to base 3.
20121
What is 11012000 (base 3) in base 16?
beb
Convert -b0 (base 12) to base 15.
-8c
What is 12100 (base 4) in base 9?
484
What is 36125 (base 9) in base 6?
303505
Convert -36b (base 14) to base 6.
-3055
Convert 113100 (base 5) to base 3.
12200201
Convert 3962 (base 12) to base 2.
1100110011010
Convert 1052 (base 9) to base 4.
30020
-131c4 (base 14) to base 16
-b7a8
2062 (base 9) to base 14
7a2
What is -1023 (base 6) in base 11?
-1a0
2122 (base 8) to base 13
671
Convert 1245 (base 6) to base 9.
382
What is 2103 (base 4) in base 2?
10010011
Convert 11002113 (base 4) to base 13.
9510
What is -1233212 (base 4) in base 13?
-3335
What is -1032 (base 9) in base 8?
-1366
Convert -211122101 (base 3) to base 2.
-100000001111011
What is 1814 (base 12) in base 14?
10ac
What is 635 (base 8) in base 6?
1525
111122022 (base 3) to base 9
14568
What is 134313 (base 5) in base 3?
21122210
31525 (base 6) to base 5
114201
1012101 (base 3) to base 6
4014
50 (base 10) to base 14
38
15616 (base 7) to base 4
1011013
-13322 (base 4) to base 8
-772
What is -527 (base 11) in base 4?
-21322
Convert 10234 (base 8) to base 5.
114002
Convert -6345 (base 11) to base 16.
-20ce
Convert 3852 (base 16) to base 4.
3201102
What is -3112 (base 5) in base 4?
-12113
Convert 1279 (base 11) to base 13.
9a8
What is 103 (base 7) in base 3?
1221
Convert -5bab (base 12) to base 9.
-15175
What is -100000100 (base 2) in base 5?
-2020
Convert -144501 (base 6) to base 7.
-55555
What is -5281 (base 10) in base 3?
-21020121
24cf (base 16) to base 6
111343
What is -105452 (base 9) in base 15?
-13a45
1352 (base 13) to base 12
172b
Convert -186 (base 10) to base 8.
-272
Convert -111111111 (base 2) to base 12.
-367
What is -1202121 (base 4) in base 3?
-22122020
Convert 2882 (base 13) to base 11.
4440
Convert -16411 (base 11) to base 7.
-124262
-211310 (base 4) to base 2
-100101110100
-40 (base 7) to base 5
-103
What is -7e24 (base 15) in base 12?
-13621
922 (base 10) to base 2
1110011010
10202202 (base 3) to base 2
101010111011
-364 (base 16) to base 2
-1101100100
Convert 21804 (base 9) to base 16.
38a7
-63b (base 15) to base 7
-4046
What is -6a (base 12) in base 15?
-57
206 (base 7) to base 12
88
Convert 1408 (base 9) to base 14.
55b
-1013 (base 11) to base 6
-10121
349 (base 14) to base 3
220012
Convert 198 (base 13) to base 15.
149
What is 10041 (base 10) in base 6?
114253
What is 90ab (base 12) in base 16?
3d43
What is 127 (base 11) in base 5?
1100
What is 53 (base 11) in base 12?
4a
What is eea (base 16) in base 4?
323222
13 (base 8) to base 13
b
What is -3266 (base 7) in base 12?
-81b
Convert 5d8a (base 15) to base 8.
46732
Convert 11000011 (base 2) to base 15.
d0
180 (base 11) to base 7
416
What is 1202 (base 6) in base 4?
10202
Convert 1869a (base 11) to base 10.
26124
What is -6991 (base 12) in base 11?
-8933
What is -4432 (base 6) in base 4?
-100010
1202100 (base 4) to base 16
1890
Convert -101b (base 15) to base 4.
-311021
What is -10034 (base 6) in base 14?
-6a2
Convert 29da (base 15) to base 13.
411a
Convert 9035 (base 10) to base 11.
6874
Convert -250 (base 16) to base 3.
-210221
What is 14 (base 6) in base 5?
20
What is -23202230 (base 4) in base 11?
-32579
-11c1 (base 15) to base 6
-25301
10220100 (base 3) to base 5
42334
-21525 (base 7) to base 16
-1521
What is 123 (base 14) in base 13?
146
-2412 (base 8) to base 4
-110022
-24011 (base 8) to base 13
-4885
What is 1b9b (base 12) in base 2?
110101100111
Convert 11425 (base 6) to base 14.
877
9b9 (base 12) to base 5
21222
1066 (base 9) to base 11
658
Convert -1002220 (base 3) to base 13.
-4a1
What is 93 (base 15) in base 6?
350
What is -24631 (base 7) in base 5?
-201430
33202 (base 4) to base 10
994
What is 1a14 (base 15) in base 10?
5644
Convert -7d (base 16) to base 10.
-125
Convert -1032331 (base 4) to base 8.
-11675
What is 3dd (base 14) in base 9?
1060
What is -11000210 (base 3) in base 12?
-1849
Convert 2157 (base 9) to base 7.
4432
What is 1095 (base 15) in base 16?
dbb
-190 (base 11) to base 8
-334
What is -1686 (base 16) in base 14?
-215c
What is 45a1 (base 11) in base 13?
2998
121231 (base 4) to base 10
1645
What is 2335b (base 12) in base 4?
23200313
What is 2907 (base 16) in base 10?
10503
Convert -34754 (base 8) to base 6.
-152352
1121011022 (base 3) to base 10
31463
-2288 (base 11) to base 16
-bb8
503 (base 7) to base 9
305
What is -3721 (base 14) in base 7?
-40041
-47d2 (base 14) to base 2
-11000011110100
Convert 3131 (base 5) to base 2.
110100000
-441 (base 12) to base 14
-329
2240 (base 8) to base 15
53e
What is -314 (base 10) in base 14?
-186
Convert -2441 (base 11) to base 2.
-110001110111
1b3 (base 14) to base 9
432
-102113 (base 6) to base 5
-231003
What is 33410 (base 7) in base 16?
20f3
-7723 (base 10) to base 15
-244d
Convert 50 (base 14) to base 11.
64
222400 (base 5) to base 4
1322222
Convert -12485 (base 13) to base 3.
-1201021122
What is 3560 (base 15) in base 13?
5214
-1277 (base 15) to base 6
-30121
What is -100102 (base 3) in base 10?
-254
-420410 (base 5) to base 4
-3120133
Convert 810 (base 9) to base 4.
22101
2a4 (base 13) to base 11
39a
Convert 6b2 (base 14) to base 15.
5dc
Convert -2164 (base 8) to base 15.
-510
What is -114 (base 8) in base 9?
-84
What is bcb (base 16) in base 7?
11542
What is -45000 (base 6) in base 4?
-1201320
What is 4341 (base 5) in base 2?
1001010100
-89aa (base 15) to base 2
-111001000000001
30517 (base 8) to base 10
12623
1021212221 (base 3) to base 16
6358
What is 247 (base 9) in base 4?
3031
Convert 2685 (base 10) to base 12.
1679
What is -40551 (base 6) in base 5?
-133040
Convert 564a (base 11) to base 3.
101012101
What is -747 (base 8) in base 2?
-111100111
101000100 (base 2) to base 10
324
Convert 528 (base 9) to base 8.
657
Convert 15307 (base 8) to base 15.
2070
What is 781 (base 10) in base 7?
2164
Convert -6875 (base 10) to base